6521 is divided by 428?
117
Calculate the remainder when 1675892 is divided by 1056.
20
Calculate the remainder when 38739040 is divided by 5874.
10
What is the remainder when 858893 is divided by 286293?
14
Calculate the remainder when 14216403 is divided by 556.
39
What is the remainder when 60091941 is divided by 422?
407
What is the remainder when 123813 is divided by 40237?
3102
Calculate the remainder when 1102616 is divided by 367515.
71
What is the remainder when 38475 is divided by 624?
411
Calculate the remainder when 79800 is divided by 1358.
1036
Calculate the remainder when 3974683 is divided by 2797.
146
What is the remainder when 156274 is divided by 517?
140
Calculate the remainder when 50408458 is divided by 127.
126
What is the remainder when 169872 is divided by 5021?
4179
Calculate the remainder when 47003268 is divided by 367213.
4
Calculate the remainder when 21976976 is divided by 58.
22
What is the remainder when 17983928 is divided by 2118?
2108
Calculate the remainder when 30054 is divided by 1906.
1464
Calculate the remainder when 111231565 is divided by 713.
0
What is the remainder when 144548 is divided by 15929?
1187
Calculate the remainder when 1527 is divided by 504.
15
What is the remainder when 9042406 is divided by 753523?
130
Calculate the remainder when 67020165 is divided by 893602.
15
Calculate the remainder when 25339362 is divided by 60.
42
What is the remainder when 13904624 is divided by 6?
2
What is the remainder when 676708 is divided by 2115?
2023
What is the remainder when 9335132 is divided by 5668?
5604
What is the remainder when 25672884 is divided by 9897?
66
What is the remainder when 28644832 is divided by 512?
480
Calculate the remainder when 465668108 is divided by 1729.
1725
What is the remainder when 2903926 is divided by 152838?
4
What is the remainder when 4816228 is divided by 1605282?
382
Calculate the remainder when 5108978 is divided by 83.
79
What is the remainder when 34606 is divided by 3094?
572
Calculate the remainder when 267371 is divided by 44410.
911
Calculate the remainder when 345931 is divided by 3289.
586
What is the remainder when 184428 is divided by 61225?
753
What is the remainder when 127916 is divided by 2063?
10
Calculate the remainder when 2825169 is divided by 352.
17
What is the remainder when 4546218 is divided by 46389?
96
What is the remainder when 243738999 is divided by 1784?
1783
Calculate the remainder when 162762 is divided by 156140.
6622
What is the remainder when 2035769097 is divided by 23?
20
What is the remainder when 5957000 is divided by 580?
400
What is the remainder when 12942107 is divided by 446278?
45
Calculate the remainder when 1797200 is divided by 20892.
488
Calculate the remainder when 48417034 is divided by 98609.
15
What is the remainder when 3903855 is divided by 20?
15
What is the remainder when 250577 is divided by 1041?
737
Calculate the remainder when 633243 is divided by 48710.
13
Calculate the remainder when 2181376 is divided by 181768.
160
What is the remainder when 224864 is divided by 74569?
1157
What is the remainder when 3620149 is divided by 37704?
565
Calculate the remainder when 29463434 is divided by 1133207.
52
What is the remainder when 3510500 is divided by 32?
4
Calculate the remainder when 109785534 is divided by 1946.
1944
What is the remainder when 12221957 is divided by 844?
837
Calculate the remainder when 24258051 is divided by 14.
13
Calculate the remainder when 2995685 is divided by 396.
341
What is the remainder when 71722168 is divided by 35861075?
18
What is the remainder when 508706 is divided by 694?
4
Calculate the remainder when 653030 is divided by 88.
70
Calculate the remainder when 7957695 is divided by 2652563.
6
Calculate the remainder when 21834526 is divided by 1177.
1176
What is the remainder when 115932 is divided by 2133?
750
What is the remainder when 203064 is divided by 577?
537
What is the remainder when 1906364 is divided by 24?
20
Calculate the remainder when 164186 is divided by 27344.
122
What is the remainder when 259355 is divided by 10784?
539
Calculate the remainder when 14435754 is divided by 350.
4
Calculate the remainder when 404286 is divided by 727.
74
What is the remainder when 91815 is divided by 171?
159
What is the remainder when 209142 is divided by 39956?
9362
Calculate the remainder when 1151940 is divided by 1179.
57
What is the remainder when 148167 is divided by 21129?
264
What is the remainder when 20509 is divided by 816?
109
Calculate the remainder when 30924831 is divided by 8.
7
Calculate the remainder when 178693 is divided by 5396.
625
What is the remainder when 41204 is divided by 894?
80
Calculate the remainder when 234184504 is divided by 524.
520
Calculate the remainder when 3776924 is divided by 858.
8
What is the remainder when 52799 is divided by 25191?
2417
Calculate the remainder when 67637 is divided by 121.
119
Calculate the remainder when 1323598 is divided by 94540.
38
What is the remainder when 3916418 is divided by 137?
136
What is the remainder when 3298052 is divided by 2098?
2094
Calculate the remainder when 8740056 is divided by 89.
78
What is the remainder when 3464053 is divided by 1927?
1234
Calculate the remainder when 126015078 is divided by 7412651.
11
What is the remainder when 5710 is divided by 5659?
51
What is the remainder when 27160 is divided by 3814?
462
Calculate the remainder when 506897 is divided by 26609.
1326
Calculate the remainder when 630274 is divided by 5782.
36
What is the remainder when 455841 is divided by 1760?
1
What is the remainder when 5440559 is divided by 906755?
29
What is the remainder when 469574 is divided by 2813?
2616
Calculate the remainder when 133594 is divided by 44523.
25
What is the remainder when 265865 is divided by 66449?
69
What is the remainder when 273280 is divided by 19518?
28
What is the remainder when 3051926 is divided by 46239?
152
What is the remainder when 5844876 is divided by 1948110?
546
Calculate the remainder when 2236333 is divided by 248480.
13
What is the remainder when 1015083 is divided by 1979?
1835
Calculate the remainder when 8470340 is divided by 2584.
2572
Calculate the remainder when 990572 is divided by 306.
50
Calculate the remainder when 6567078 is divided by 16969.
75
What is the remainder when 12193352 is divided by 31?
29
Calculate the remainder when 37707 is divided by 402.
321
Calculate the remainder when 175713 is divided by 678.
111
Calculate the remainder when 9277 is divided by 842.
15
Calculate the remainder when 937166 is divided by 66940.
6
What is the remainder when 76708 is divided by 8353?
1531
What is the remainder when 525398 is divided by 342?
86
Calculate the remainder when 1117350 is divided by 1988.
94
What is the remainder when 31894609 is divided by 277?
275
What is the remainder when 6027806 is divided by 22576?
14
What is the remainder when 2746502 is divided by 3121?
22
Calculate the remainder when 67851482 is divided by 3142.
3134
What is the remainder when 53104799 is divided by 274?
37
What is the remainder when 10994337 is divided by 71?
58
What is the remainder when 4322928 is divided by 46?
32
Calculate the remainder when 397723 is divided by 132141.
1300
Calculate the remainder when 41922 is divided by 20878.
166
Calculate the remainder when 877201 is divided by 292396.
13
What is the remainder when 1252595 is divided by 1255?
105
Calculate the remainder when 62036 is divided by 4703.
897
Calculate the remainder when 438668 is divided by 2195.
1863
Calculate the remainder when 706774 is divided by 646.
50
What is the remainder when 20358876 is divided by 73764?
12
Calculate the remainder when 302647 is divided by 297.
4
Calculate the remainder when 9321165 is divided by 614.
31
Calculate the remainder when 90492 is divided by 406.
360
Calculate the remainder when 589308 is divided by 86.
36
What is the remainder when 630701 is divided by 315340?
21
Calculate the remainder when 2758326 is divided by 545.
81
What is the remainder when 19373673 is divided by 58005?
3
What is the remainder when 186642 is divided by 6942?
6150
Calculate the remainder when 593495 is divided by 4530.
65
Calculate the remainder when 579091 is 